True
Is 336480383 composite?
False
Is 74967786799 a composite number?
False
Is 854309641 a composite number?
False
Is 103388794703 composite?
False
Is 349433477 a composite number?
True
Is 10258340489 prime?
False
Is 1385440583 a composite number?
False
Is 841925297 a prime number?
True
Is 3911052883 a prime number?
True
Is 6093707 composite?
True
Is 395793529 prime?
False
Is 75429797659 a composite number?
False
Is 5967599137 composite?
True
Is 49821223 a composite number?
True
Is 1352635813 a prime number?
True
Is 1495742713 composite?
False
Is 3112355921 a composite number?
False
Is 211828058147 a composite number?
False
Is 131191649 a composite number?
True
Is 4510790929 a composite number?
False
Is 10144761083 composite?
False
Is 14267305229 prime?
True
Is 32605413101 composite?
False
Is 114810721 a prime number?
False
Is 359154647 a composite number?
True
Is 32286229399 prime?
True
Is 23415485929 a composite number?
True
Is 1191004637 a composite number?
True
Is 713269657 prime?
True
Is 1816666669 prime?
True
Is 11977857041 composite?
False
Is 777707171 a composite number?
True
Is 115120785173 a prime number?
False
Is 411561567355 prime?
False
Is 1031546761 composite?
True
Is 460199809 a composite number?
True
Is 5507006767 a prime number?
True
Is 6097785997 a composite number?
True
Is 6127620869 a composite number?
False
Is 57605755631 a prime number?
True
Is 16257868951 composite?
False
Is 74500516598 a prime number?
False
Is 2031581711 prime?
True
Is 889068781 prime?
True
Is 1138841279 a composite number?
True
Is 40376629883 prime?
True
Is 3856687921 a composite number?
True
Is 707690209 a prime number?
False
Is 261861091 a composite number?
True
Is 3292660057 prime?
False
Is 100377502009 prime?
True
Is 2237890537 a composite number?
False
Is 1285730597 composite?
False
Is 249957826 composite?
True
Is 66332565697 prime?
True
Is 6359499007 composite?
False
Is 1200203013 a composite number?
True
Is 1436450291 a prime number?
True
Is 41873041693 prime?
False
Is 1262224273 prime?
True
Is 40803299 a prime number?
True
Is 4174322941 composite?
True
Is 23153040811 a composite number?
False
Is 98725414373 a prime number?
True
Is 18370673 composite?
False
Is 79930396339 a prime number?
True
Is 32578232062 composite?
True
Is 4029530821 prime?
False
Is 9540821435 composite?
True
Is 3682135217 a prime number?
False
Is 897612319 composite?
False
Is 4802214973 a prime number?
False
Is 131367227 composite?
False
Is 16853925185 prime?
False
Is 25430375051 prime?
False
Is 725123419 composite?
False
Is 455442601 a prime number?
False
Is 15333251023 composite?
True
Is 481014029 a prime number?
False
Is 240346993 a composite number?
True
Is 197799000317 a prime number?
True
Is 71485834427 a prime number?
False
Is 6241590241 prime?
True
Is 3933060619 prime?
False
Is 105874001 a composite number?
True
Is 227334797 a prime number?
True
Is 121740923 composite?
True
Is 636238189 a prime number?
True
Is 21239371555 a composite number?
True
Is 3192940739 composite?
False
Is 74235929 a prime number?
True
Is 3057489079 composite?
False
Is 2285480231 a composite number?
False
Is 69168406661 a composite number?
False
Is 1001939269 prime?
True
Is 1267547201 a composite number?
True
Is 6488963153 a prime number?
False
Is 23776600829 prime?
False
Is 103767363443 prime?
False
Is 10068136331 composite?
True
Is 2740030379 a composite number?
False
Is 1988378423 a composite number?
False
Is 1270900941 a composite number?
True
Is 6427063147 a composite number?
False
Is 295910749 a prime number?
False
Is 923155757 prime?
False
Is 5210375693 a composite number?
False
Is 68203402 a composite number?
True
Is 14885462909 prime?
False
Is 30432977017 prime?
True
Is 9370285073 prime?
False
Is 1450015577 a composite number?
False
Is 1253544683 a composite number?
False
Is 121894009 a prime number?
False
Is 2626160197 composite?
False
Is 184526779 composite?
True
Is 580794061 a composite number?
False
Is 6303551923 a prime number?
False
Is 5309091343 a prime number?
True
Is 105037593307 a prime number?
True
Is 3187423 prime?
False
Is 1512375793 a composite number?
False
Is 14524650557 a prime number?
True
Is 3814891487 composite?
True
Is 5176615137 prime?
False
Is 83358707 a prime number?
True
Is 7971524963 composite?
False
Is 40292704493 a composite number?
True
Is 1476555659 a composite number?
False
Is 347505530807 prime?
True
Is 1206782317 composite?
True
Is 1023092083 a composite number?
True
Is 1211355401 a composite number?
True
Is 40353830639 composite?
False
Is 1075756457 prime?
True
Is 5978795497 composite?
False
Is 729045217 a prime number?
True
Is 1163483533 composite?
True
Is 66380887 a composite number?
True
Is 22809087707 prime?
False
Is 15243784261 a composite number?
False
Is 2878933471 a composite number?
False
Is 30210577 prime?
False
Is 57208414657 prime?
True
Is 2285176757 prime?
True
Is 1111157929 composite?
True
Is 598129463 composite?
True
Is 31646089117 composite?
False
Is 2322378887 a composite number?
False
Is 2143680527 a composite number?
False
Is 585806797049 a prime number?
False
Is 21567916697 a prime number?
False
Is 13871846203 a composite number?
False
Is 5278428383 composite?
False
Is 5522992259 a composite number?
False
Is 1773251489 a prime number?
True
Is 3578470487 composite?
False
Is 104271463 prime?
True
Is 129918491 a prime number?
True
Is 825374467 prime?
True
Is 133070275537 composite?
False
Is 4576577981 a composite number?
False
Is 10273132187 a composite number?
False
Is 3549232571 prime?
True
Is 3672798197 prime?
False
Is 18176126197 composite?
False
Is 28932424177 composite?
True
Is 5797522849 a prime number?
False
Is 1936642217 a composite number?
False
Is 97523452307 a prime number?
True
Is 3071830979 composite?
True
Is 2825880581 a composite number?
False
Is 4609166911 composite?
True
Is 501153799 a prime number?
True
Is 38620055699 a prime number?
True
Is 112862191151 composite?
True
Is 8619662143 a prime number?
False
Is 8791975517 prime?
False
Is 46533166271 a composite number?
False
Is 230952623 composite?
True
Is 208987237 a prime number?
True
Is 5013523819 a composite number?
False
Is 2792284057 a composite number?
False
Is 2611849379 a prime number?
True
Is 16507019071 a composite number?
False
Is 6006428387 a composite number?
True
Is 2919596971 prime?
False
Is 74197343951 prime?
True
Is 5633026229 composite?
True
Is 588544073 a composite number?
True
Is 3809488901 a composite number?
False
Is 211794223 prime?
True
Is 15108441463 composite?
False
Is 2917251679 a composite number?
True
Is 6377889007 prime?
False
Is 141386152771 prime?
True
Is 2456585879 composite?
True
Is 16113633839 composite?
False
Is 16044823177 a composite number?
False
Is 463242565 prime?
False
Is 9279572563 a composite number?
True
Is 955379251 prime?
False
Is 16798810607 prime?
False
Is 388041259 a composite number?
True
Is 560238433 composite?
False
Is 533982833 a composite number?
False
Is 1882256821 a composite number?
False
Is 102349369 a composite number?
False
Is 11538543311 composite?
False
Is 222027469 prime?
False
Is 914870911213 composite?
True
Is 113120845247 a prime number?
True
Is 130265081 prime?
True
Is 4059690041 prime?
False
Is 67834649947 a composite number?
False
Is 453662939 composite?
True
Is 942914473 a composite number?
False
Is 1799693009 prime?
False
Is 1096827827 composite?
True
Is 1871165761 a prime number?
True
Is 22585350197 prime?
True
Is 554848097 prime?
False
Is 40790284963 a prime number?
True
Is 1286972597 prime?
False
Is 1123602523 prime?
True
Is 3422553263 composite?
False
Is 4036045249 composite?
False
Is 5968114727 a composite number?
True
Is 7904088145 composite?
True
Is 883035541 a prime number?
True
Is 1911618407 a prime number?
True
Is 28206917573 a composite number?
False
Is 772965839 a composite number?
False
Is 17631795365 a prime number?
False
Is 694783781 composite?
True
Is 1439455487 composite?
True
Is 574540777 composite?
False
Is 4561156009 a composite number?
True
Is 2381603911 prime?
True
Is 1120632389 composite?
False
Is 234621209 composite?
False
Is 4066851587 a prime number?
False
Is 582491033 prime?
True
Is 3650472361 prime?
False
Is 1042200101 a prime number?
False
Is 1598823859 a prime nu